{"id":3072,"date":"2025-10-17T12:21:44","date_gmt":"2025-10-17T10:21:44","guid":{"rendered":"https:\/\/www.audebourgine.fr\/?post_type=portfolio&#038;p=3072"},"modified":"2026-01-20T06:35:46","modified_gmt":"2026-01-20T05:35:46","slug":"cosmos-serenade","status":"publish","type":"portfolio","link":"http:\/\/www.audebourgine.fr\/fr\/portfolio\/cosmos-serenade\/","title":{"rendered":"Cosmos Serenade"},"content":{"rendered":"\n<p>Cosmos Serenade is the prelude to a series of short films that celebrate attention, lift the veil of habit, and explore the sacred dimension of life. <\/p>\n\n\n\n<p>These works invite us to refine our gaze every day, to consciously reconnect with our senses.<\/p>\n\n\n\n<p><br>I&rsquo;m used to working with materials, and now I&rsquo;m keen to embrace the video medium. It allows me to spread this rapture of being in the world far and wide. With their universal presence, these Talismans, in this dematerialized contemporary art form, carry the breath through space and timelessness.<\/p>\n\n\n\n<p>Presented in Japan at the invitation of the Biwako Biennale, International Art Festival for the 2025 edition.<br>The film screening is combined with a participatory and evolving in situ work: Nebula.<\/p>\n\n\n\n<p>Please find here an extract from the original movie (10 minutes cycles.), shot in France, all rights reserved Aude Bourgine.<\/p>\n","protected":false},"excerpt":{"rendered":"<p>Cosmos Serenade est ici le pr\u00e9lude d\u2019une s\u00e9rie de courts-m\u00e9trages forment une \u00e9loge \u00e0 l\u2019attention, soul\u00e8vent le voile de l\u2019habitude et investissent la dimension sacr\u00e9e du vivant. Ces oeuvres invitent \u00e0 a\ufb03ner notre regard chaque jour, \u00e0 renouer avec nos sens en conscience. J\u2019ai coutume de travailler la mati\u00e8re, et \u00e0 pr\u00e9sent j\u2019ai \u00e0 c\u0153ur [&hellip;]<\/p>\n","protected":false},"author":1,"featured_media":3096,"comment_status":"closed","ping_status":"closed","template":"","meta":{"footnotes":""},"portfolio_category":[28,33],"portfolio_tag":[],"class_list":["post-3072","portfolio","type-portfolio","status-publish","has-post-thumbnail","hentry","portfolio_category-exhibitions","portfolio_category-works"],"yoast_head":"<!-- This site is optimized with the Yoast SEO plugin v17.2.1 - https:\/\/yoast.com\/wordpress\/plugins\/seo\/ -->\n<title>Cosmos Serenade (prelude) - Aude Bourgine<\/title>\n<meta name=\"robots\" content=\"index, follow, max-snippet:-1, max-image-preview:large, max-video-preview:-1\" \/>\n<link rel=\"canonical\" href=\"http:\/\/www.audebourgine.fr\/fr\/portfolio\/cosmos-serenade\/\" \/>\n<meta property=\"og:locale\" content=\"fr_FR\" \/>\n<meta property=\"og:type\" content=\"article\" \/>\n<meta property=\"og:title\" content=\"Cosmos Serenade (prelude) - Aude Bourgine\" \/>\n<meta property=\"og:description\" content=\"Cosmos Serenade est ici le pr\u00e9lude d\u2019une s\u00e9rie de courts-m\u00e9trages forment une \u00e9loge \u00e0 l\u2019attention, soul\u00e8vent le voile de l\u2019habitude et investissent la dimension sacr\u00e9e du vivant. Ces oeuvres invitent \u00e0 a\ufb03ner notre regard chaque jour, \u00e0 renouer avec nos sens en conscience. J\u2019ai coutume de travailler la mati\u00e8re, et \u00e0 pr\u00e9sent j\u2019ai \u00e0 c\u0153ur [&hellip;]\" \/>\n<meta property=\"og:url\" content=\"http:\/\/www.audebourgine.fr\/fr\/portfolio\/cosmos-serenade\/\" \/>\n<meta property=\"og:site_name\" content=\"Aude Bourgine\" \/>\n<meta property=\"article:modified_time\" content=\"2026-01-20T05:35:46+00:00\" \/>\n<meta property=\"og:image\" content=\"http:\/\/www.audebourgine.fr\/wp-content\/uploads\/2025\/10\/Capture-decran-2025-10-17-a-12.30.41-1024x575.png\" \/>\n\t<meta property=\"og:image:width\" content=\"1024\" \/>\n\t<meta property=\"og:image:height\" content=\"575\" \/>\n<meta name=\"twitter:card\" content=\"summary_large_image\" \/>\n<meta name=\"twitter:label1\" content=\"Dur\u00e9e de lecture estim\u00e9e\" \/>\n\t<meta name=\"twitter:data1\" content=\"1 minute\" \/>\n<script type=\"application\/ld+json\" class=\"yoast-schema-graph\">{\"@context\":\"https:\/\/schema.org\",\"@graph\":[{\"@type\":\"WebSite\",\"@id\":\"http:\/\/www.audebourgine.fr\/#website\",\"url\":\"http:\/\/www.audebourgine.fr\/\",\"name\":\"Aude Bourgine\",\"description\":\"artiste\",\"potentialAction\":[{\"@type\":\"SearchAction\",\"target\":{\"@type\":\"EntryPoint\",\"urlTemplate\":\"http:\/\/www.audebourgine.fr\/?s={search_term_string}\"},\"query-input\":\"required name=search_term_string\"}],\"inLanguage\":\"fr-FR\"},{\"@type\":\"ImageObject\",\"@id\":\"http:\/\/www.audebourgine.fr\/fr\/portfolio\/cosmos-serenade\/#primaryimage\",\"inLanguage\":\"fr-FR\",\"url\":\"http:\/\/www.audebourgine.fr\/wp-content\/uploads\/2025\/10\/Capture-decran-2025-10-17-a-12.30.41.png\",\"contentUrl\":\"http:\/\/www.audebourgine.fr\/wp-content\/uploads\/2025\/10\/Capture-decran-2025-10-17-a-12.30.41.png\",\"width\":2880,\"height\":1616},{\"@type\":\"WebPage\",\"@id\":\"http:\/\/www.audebourgine.fr\/fr\/portfolio\/cosmos-serenade\/#webpage\",\"url\":\"http:\/\/www.audebourgine.fr\/fr\/portfolio\/cosmos-serenade\/\",\"name\":\"Cosmos Serenade (prelude) - Aude Bourgine\",\"isPartOf\":{\"@id\":\"http:\/\/www.audebourgine.fr\/#website\"},\"primaryImageOfPage\":{\"@id\":\"http:\/\/www.audebourgine.fr\/fr\/portfolio\/cosmos-serenade\/#primaryimage\"},\"datePublished\":\"2025-10-17T10:21:44+00:00\",\"dateModified\":\"2026-01-20T05:35:46+00:00\",\"breadcrumb\":{\"@id\":\"http:\/\/www.audebourgine.fr\/fr\/portfolio\/cosmos-serenade\/#breadcrumb\"},\"inLanguage\":\"fr-FR\",\"potentialAction\":[{\"@type\":\"ReadAction\",\"target\":[\"http:\/\/www.audebourgine.fr\/fr\/portfolio\/cosmos-serenade\/\"]}]},{\"@type\":\"BreadcrumbList\",\"@id\":\"http:\/\/www.audebourgine.fr\/fr\/portfolio\/cosmos-serenade\/#breadcrumb\",\"itemListElement\":[{\"@type\":\"ListItem\",\"position\":1,\"name\":\"Accueil\",\"item\":\"http:\/\/www.audebourgine.fr\/\"},{\"@type\":\"ListItem\",\"position\":2,\"name\":\"Portfolio\",\"item\":\"https:\/\/www.audebourgine.fr\/fr\/portfolio\/\"},{\"@type\":\"ListItem\",\"position\":3,\"name\":\"Cosmos Serenade (prelude)\"}]}]}<\/script>\n<!-- \/ Yoast SEO plugin. -->","yoast_head_json":{"title":"Cosmos Serenade (prelude) - Aude Bourgine","robots":{"index":"index","follow":"follow","max-snippet":"max-snippet:-1","max-image-preview":"max-image-preview:large","max-video-preview":"max-video-preview:-1"},"canonical":"http:\/\/www.audebourgine.fr\/fr\/portfolio\/cosmos-serenade\/","og_locale":"fr_FR","og_type":"article","og_title":"Cosmos Serenade (prelude) - Aude Bourgine","og_description":"Cosmos Serenade est ici le pr\u00e9lude d\u2019une s\u00e9rie de courts-m\u00e9trages forment une \u00e9loge \u00e0 l\u2019attention, soul\u00e8vent le voile de l\u2019habitude et investissent la dimension sacr\u00e9e du vivant. Ces oeuvres invitent \u00e0 a\ufb03ner notre regard chaque jour, \u00e0 renouer avec nos sens en conscience. J\u2019ai coutume de travailler la mati\u00e8re, et \u00e0 pr\u00e9sent j\u2019ai \u00e0 c\u0153ur [&hellip;]","og_url":"http:\/\/www.audebourgine.fr\/fr\/portfolio\/cosmos-serenade\/","og_site_name":"Aude Bourgine","article_modified_time":"2026-01-20T05:35:46+00:00","og_image":[{"width":1024,"height":575,"path":"2025\/10\/Capture-decran-2025-10-17-a-12.30.41-1024x575.png","url":"http:\/\/www.audebourgine.fr\/wp-content\/uploads\/2025\/10\/Capture-decran-2025-10-17-a-12.30.41-1024x575.png","size":"large","id":3096,"alt":"","pixels":588800,"type":"image\/png"}],"twitter_card":"summary_large_image","twitter_misc":{"Dur\u00e9e de lecture estim\u00e9e":"1 minute"},"schema":{"@context":"https:\/\/schema.org","@graph":[{"@type":"WebSite","@id":"http:\/\/www.audebourgine.fr\/#website","url":"http:\/\/www.audebourgine.fr\/","name":"Aude Bourgine","description":"artiste","potentialAction":[{"@type":"SearchAction","target":{"@type":"EntryPoint","urlTemplate":"http:\/\/www.audebourgine.fr\/?s={search_term_string}"},"query-input":"required name=search_term_string"}],"inLanguage":"fr-FR"},{"@type":"ImageObject","@id":"http:\/\/www.audebourgine.fr\/fr\/portfolio\/cosmos-serenade\/#primaryimage","inLanguage":"fr-FR","url":"http:\/\/www.audebourgine.fr\/wp-content\/uploads\/2025\/10\/Capture-decran-2025-10-17-a-12.30.41.png","contentUrl":"http:\/\/www.audebourgine.fr\/wp-content\/uploads\/2025\/10\/Capture-decran-2025-10-17-a-12.30.41.png","width":2880,"height":1616},{"@type":"WebPage","@id":"http:\/\/www.audebourgine.fr\/fr\/portfolio\/cosmos-serenade\/#webpage","url":"http:\/\/www.audebourgine.fr\/fr\/portfolio\/cosmos-serenade\/","name":"Cosmos Serenade (prelude) - Aude Bourgine","isPartOf":{"@id":"http:\/\/www.audebourgine.fr\/#website"},"primaryImageOfPage":{"@id":"http:\/\/www.audebourgine.fr\/fr\/portfolio\/cosmos-serenade\/#primaryimage"},"datePublished":"2025-10-17T10:21:44+00:00","dateModified":"2026-01-20T05:35:46+00:00","breadcrumb":{"@id":"http:\/\/www.audebourgine.fr\/fr\/portfolio\/cosmos-serenade\/#breadcrumb"},"inLanguage":"fr-FR","potentialAction":[{"@type":"ReadAction","target":["http:\/\/www.audebourgine.fr\/fr\/portfolio\/cosmos-serenade\/"]}]},{"@type":"BreadcrumbList","@id":"http:\/\/www.audebourgine.fr\/fr\/portfolio\/cosmos-serenade\/#breadcrumb","itemListElement":[{"@type":"ListItem","position":1,"name":"Accueil","item":"http:\/\/www.audebourgine.fr\/"},{"@type":"ListItem","position":2,"name":"Portfolio","item":"https:\/\/www.audebourgine.fr\/fr\/portfolio\/"},{"@type":"ListItem","position":3,"name":"Cosmos Serenade (prelude)"}]}]}},"_links":{"self":[{"href":"http:\/\/www.audebourgine.fr\/fr\/wp-json\/wp\/v2\/portfolio\/3072","targetHints":{"allow":["GET"]}}],"collection":[{"href":"http:\/\/www.audebourgine.fr\/fr\/wp-json\/wp\/v2\/portfolio"}],"about":[{"href":"http:\/\/www.audebourgine.fr\/fr\/wp-json\/wp\/v2\/types\/portfolio"}],"author":[{"embeddable":true,"href":"http:\/\/www.audebourgine.fr\/fr\/wp-json\/wp\/v2\/users\/1"}],"replies":[{"embeddable":true,"href":"http:\/\/www.audebourgine.fr\/fr\/wp-json\/wp\/v2\/comments?post=3072"}],"version-history":[{"count":21,"href":"http:\/\/www.audebourgine.fr\/fr\/wp-json\/wp\/v2\/portfolio\/3072\/revisions"}],"predecessor-version":[{"id":3106,"href":"http:\/\/www.audebourgine.fr\/fr\/wp-json\/wp\/v2\/portfolio\/3072\/revisions\/3106"}],"wp:featuredmedia":[{"embeddable":true,"href":"http:\/\/www.audebourgine.fr\/fr\/wp-json\/wp\/v2\/media\/3096"}],"wp:attachment":[{"href":"http:\/\/www.audebourgine.fr\/fr\/wp-json\/wp\/v2\/media?parent=3072"}],"wp:term":[{"taxonomy":"portfolio_category","embeddable":true,"href":"http:\/\/www.audebourgine.fr\/fr\/wp-json\/wp\/v2\/portfolio_category?post=3072"},{"taxonomy":"portfolio_tag","embeddable":true,"href":"http:\/\/www.audebourgine.fr\/fr\/wp-json\/wp\/v2\/portfolio_tag?post=3072"}],"curies":[{"name":"wp","href":"https:\/\/api.w.org\/{rel}","templated":true}]}}

<p>Cosmos Serenade est ici le prélude d’une série de courts-métrages forment une éloge à l’attention, soulèvent le voile de l’habitude et investissent la dimension sacrée du vivant. Ces oeuvres invitent à aﬃner notre regard chaque jour, à renouer avec nos sens en conscience. J’ai coutume de travailler la matière, et à présent j’ai à cœur [&hellip;]</p>

<!-- This site is optimized with the Yoast SEO plugin v17.2.1 - https://yoast.com/wordpress/plugins/seo/ -->
<title>Cosmos Serenade (prelude) - Aude Bourgine</title>
<meta name="robots" content="index, follow, max-snippet:-1, max-image-preview:large, max-video-preview:-1" />
<link rel="canonical" href="http://www.audebourgine.fr/fr/portfolio/cosmos-serenade/" />
<meta property="og:locale" content="fr_FR" />
<meta property="og:type" content="article" />
<meta property="og:title" content="Cosmos Serenade (prelude) - Aude Bourgine" />
<meta property="og:description" content="Cosmos Serenade est ici le prélude d’une série de courts-métrages forment une éloge à l’attention, soulèvent le voile de l’habitude et investissent la dimension sacrée du vivant. Ces oeuvres invitent à aﬃner notre regard chaque jour, à renouer avec nos sens en conscience. J’ai coutume de travailler la matière, et à présent j’ai à cœur [&hellip;]" />
<meta property="og:url" content="http://www.audebourgine.fr/fr/portfolio/cosmos-serenade/" />
<meta property="og:site_name" content="Aude Bourgine" />
<meta property="article:modified_time" content="2026-01-20T05:35:46+00:00" />
<meta property="og:image" content="http://www.audebourgine.fr/wp-content/uploads/2025/10/Capture-decran-2025-10-17-a-12.30.41-1024x575.png" />
	<meta property="og:image:width" content="1024" />
	<meta property="og:image:height" content="575" />
<meta name="twitter:card" content="summary_large_image" />
<meta name="twitter:label1" content="Durée de lecture estimée" />
	<meta name="twitter:data1" content="1 minute" />
<script type="application/ld+json" class="yoast-schema-graph">{"@context":"https://schema.org","@graph":[{"@type":"WebSite","@id":"http://www.audebourgine.fr/#website","url":"http://www.audebourgine.fr/","name":"Aude Bourgine","description":"artiste","potentialAction":[{"@type":"SearchAction","target":{"@type":"EntryPoint","urlTemplate":"http://www.audebourgine.fr/?s={search_term_string}"},"query-input":"required name=search_term_string"}],"inLanguage":"fr-FR"},{"@type":"ImageObject","@id":"http://www.audebourgine.fr/fr/portfolio/cosmos-serenade/#primaryimage","inLanguage":"fr-FR","url":"http://www.audebourgine.fr/wp-content/uploads/2025/10/Capture-decran-2025-10-17-a-12.30.41.png","contentUrl":"http://www.audebourgine.fr/wp-content/uploads/2025/10/Capture-decran-2025-10-17-a-12.30.41.png","width":2880,"height":1616},{"@type":"WebPage","@id":"http://www.audebourgine.fr/fr/portfolio/cosmos-serenade/#webpage","url":"http://www.audebourgine.fr/fr/portfolio/cosmos-serenade/","name":"Cosmos Serenade (prelude) - Aude Bourgine","isPartOf":{"@id":"http://www.audebourgine.fr/#website"},"primaryImageOfPage":{"@id":"http://www.audebourgine.fr/fr/portfolio/cosmos-serenade/#primaryimage"},"datePublished":"2025-10-17T10:21:44+00:00","dateModified":"2026-01-20T05:35:46+00:00","breadcrumb":{"@id":"http://www.audebourgine.fr/fr/portfolio/cosmos-serenade/#breadcrumb"},"inLanguage":"fr-FR","potentialAction":[{"@type":"ReadAction","target":["http://www.audebourgine.fr/fr/portfolio/cosmos-serenade/"]}]},{"@type":"BreadcrumbList","@id":"http://www.audebourgine.fr/fr/portfolio/cosmos-serenade/#breadcrumb","itemListElement":[{"@type":"ListItem","position":1,"name":"Accueil","item":"http://www.audebourgine.fr/"},{"@type":"ListItem","position":2,"name":"Portfolio","item":"https://www.audebourgine.fr/fr/portfolio/"},{"@type":"ListItem","position":3,"name":"Cosmos Serenade (prelude)"}]}]}</script>
<!-- / Yoast SEO plugin. -->

Cosmos Serenade est ici le prélude d’une série de courts-métrages forment une éloge à l’attention, soulèvent le voile de l’habitude et investissent la dimension sacrée du vivant. Ces oeuvres invitent à aﬃner notre regard chaque jour, à renouer avec nos sens en conscience. J’ai coutume de travailler la matière, et à présent j’ai à cœur [&hellip;]
